 = k - 1. Let z(n) = m*h(n) + b(n). What is z(6)?
8
Let b(p) = 6*p - 4 - 20*p + 15*p - 7. What is b(10)?
-1
Let x(m) = m**2 - 4*m + 3. Let v be (-60)/8*(-16)/6. Suppose d + 5*i = 12, 0 = -2*d + 7*d + 5*i - v. Determine x(d).
-1
Suppose -5*h + 17 = p - 7, 0 = p + 2*h - 12. Suppose 0*t + 5 = t + p*l, -t - l = 1. Let w(s) = -s + 2*s - 2 + 1 + s**2. Give w(t).
5
Let o = -3 + 3. Suppose -4*y + 12 = -o*y. Let h(i) be the second derivative of -i**5/20 + i**4/6 + i**3/2 + 3*i**2/2 + i. What is h(y)?
3
Let r(q) = -3*q**3 - 2*q + 3 + 4*q**3 - 3*q**2 - 5 + 4. Calculate r(4).
10
Let o(t) = 3*t - 5. Let d(v) = v**3 + 5*v**2 + v + 11. Let u be d(-5). Calculate o(u).
13
Let m be (-8 + 2)/(-3 - -4). Let u(s) = -s**2 - 5*s + 2. Give u(m).
-4
Suppose -93*b + 5 = -88*b. Let r(s) = -3*s**3 + s**2 - 2*s + 1. Calculate r(b).
-3
Let z(g) = g**3 + 4*g**2 - 2*g + 8. Let a = 5 - -6. Let y(o) = -1 + 3*o - 14 - 8*o**2 + 2*o**3 - 4*o**3. Let u(k) = a*z(k) + 6*y(k). Give u(-2).
-2
Let c(h) be the second derivative of h**4/12 - h**3 - 7*h**2/2 + 7*h. Give c(6).
-7
Suppose -5*t - 2*n = -16, -4*t - 3*n + 5 = -5. Let b(x) = -5 - t*x - x + 3*x. Determine b(-4).
3
Let p(f) = 11*f - 26. Let j(h) = 4*h - 9. Let a(d) = 8*j(d) - 3*p(d). What is a(5)?
1
Let t(u) = -2 + u + 0*u + 0*u - 1. Suppose -k + 8 = k. Calculate t(k).
1
Let h = -9 + 13. Let m(r) be the first derivative of -r**4/4 + 4*r**3/3 - 3*r**2/2 + 3*r + 6. Calculate m(h).
-9
Let y(v) = -3*v**2 + 6*v - 1. Let l(s) = -2*s**2 + 4*s - 1. Let n(m) = -7*l(m) + 5*y(m). Suppose 5 - 3 = -2*a. Let t(x) = x - 1. Let q be t(a). Give n(q).
-6
Let d(f) be the third derivative of f**5/60 - 2*f**3/3 + 116*f**2. Let i = 3 + 0. Let l(n) = n - 3. Let g be l(i). Give d(g).
-4
Let o(x) = -4*x - 3*x + 13 - 15 + 4*x. Give o(2).
-8
Let m(q) = 3*q. Let z(a) = a - 1. Let c(b) = m(b) - 4*z(b). Let h be 0*(0 + (-1)/(-2)). Give c(h).
4
Let t(z) be the second derivative of -z**5/40 + z**4/24 + z**3/3 + 3*z. Let m(g) be the second derivative of t(g). Determine m(-1).
4
Let v(m) = -m - 2. Let h = 5 - 3. Let u = 3 - -15. Suppose -5*i + 3*o - 17 = 0, h*i - 7*i + 2*o - u = 0. Determine v(i).
2
Let n(f) = -2*f + 2*f**2 + 3 + 7*f - 3*f**2. Let z = -13 - -18. Determine n(z).
3
Let c(n) = n**2 + 8*n + 3. Let h be (-22)/(-2)*(3 - 2). Let v(f) = f**3 - 11*f**2 + f - 16. Let j be v(h). Determine c(j).
-12
Let a(b) = -b**3 - 9*b**2 + 9*b - 5. Let z be a(-10). Let t(h) = -h**3 + 5*h**2 + h - 2. Give t(z).
3
Let v(m) = -m**2 - 11*m + 5. Let l(k) = 2*k**2 + 12*k - 5. Let h(g) = -2*l(g) - 3*v(g). Determine h(7).
9
Let i(v) = -v + 6. Suppose 5*n = 4*b + 9, -4*b + 26 = -0*n + 2*n. Determine i(b).
2
Suppose 0 = -3*t - 18. Let i(l) = l**3 - l**2 + l - 6. Let w(s) = 0*s - s**3 + 2*s**2 - 3*s + 6 + s. Let y(a) = t*i(a) - 5*w(a). Determine y(-5).
11
Let i(j) be the second derivative of -j**5/20 - 5*j**4/12 + 7*j**3/6 + 7*j. Give i(-6).
-6
Let w(m) = -m**2 + m + 14*m**3 + 9*m**2 - 13*m**3 + 9. Let f be w(-8). Let i(a) = 6*a - 2*a - f - a. Give i(-1).
-4
Let f(b) = -2*b - 1. Let n = -1 - -4. Suppose -4*a - n = -5*t - 0*t, 6 = 4*a - 2*t. Calculate f(a).
-7
Let v(w) = 12*w - 13. Let k(g) = -3*g + 3. Let o(r) = 9*k(r) + 2*v(r). Suppose 31 = 4*t + 11. Suppose 4*q = -t*a - 5, -a - a - 2 = 3*q. Give o(a).
4
Let r(k) = k - 9. Let q(s) = s**2 + 11*s. Let n be q(-11). Suppose n = -z + 3 + 4. Calculate r(z).
-2
Let j be 8/(((-8)/(-2))/2). Suppose d + j - 6 = 0. Suppose d*p - 4*p = 0. Let a(i) = -i - 1. What is a(p)?
-1
Let c(l) = l**2 + 5*l + 8. Let j(m) = -m**2 - 4*m - 7. Let o(t) = 3*c(t) + 4*j(t). Let x = -6 - -5. Let i be (-3)/(-6)*(1 + x). Determine o(i).
-4
Let y(s) be the second derivative of 1/24*s**4 + s - 1/360*s**6 + 0*s**5 + 0 + 1/6*s**3 + 0*s**2. Let o(c) be the second derivative of y(c). Determine o(-2).
-3
Let s(b) = 4*b**3 + 2*b**2 + 2*b + 1. Let x be s(-1). Let d(z) = -2*z + z**2 + 5*z + 3 + 2*z. Determine d(x).
-3
Let f(p) = -p**2 + 12*p - 13. Let x be f(11). Let c be (x + -3 + 0)*1. Let m(l) = -l**2 - 6*l - 1. What is m(c)?
4
Suppose 2*f = f + 3. Suppose f*z + 2*z + 30 = -5*p, -3*z = 2*p + 13. Let h(a) = 0 + 3*a - 3 - 4*a. Calculate h(p).
2
Let w = -5 + 9. Let r(g) = -2*g**2 + 4*g + 4. What is r(w)?
-12
Let u be 1/(1 - (-3)/(-6)). Let l(p) = 3*p + 2. Give l(u).
8
Suppose -9 = b - 4*b. Suppose -q = b*q. Let h(f) = -f**2 - 5. Calculate h(q).
-5
Suppose -5*r - 10 - 25 = 0. Let x = -5 - r. Let h be x/(-5) - (-10)/25. Let z(n) = -n**3 - 6. Calculate z(h).
-6
Suppose 6 = -3*f - 0. Let b be 0 + (2/f - -5). Let a(s) = s**2 - 5*s + 2. Determine a(b).
-2
Let w(c) be the second derivative of 11*c**5/20 + c**4/12 - c**3/6 - c**2/2 + 11*c. Determine w(-1).
-10
Let p be ((-63)/(-14) + -5)/(1/(-2)). Let b(q) = 5*q**3 + q**2 - 1. Give b(p).
5
Let r(a) = 10*a**3 - 19*a**2 - 5*a - 16. Let w(m) = 7*m**3 - 13*m**2 - 3*m - 11. Let z(c) = 5*r(c) - 7*w(c). What is z(5)?
2
Let w(x) be the first derivative of 2 - 2/3*x**3 + 0*x + 0*x**2 + 1/24*x**4 + 3/40*x**5. Let v(g) be the third derivative of w(g). Calculate v(1).
10
Suppose 4*i = 3 - 27. Let o(p) be the third derivative of p**5/60 + p**4/8 - 2*p**3/3 + 2*p**2. Calculate o(i).
14
Suppose 4*n - 3*n = 3. Let y(v) = 2*v**2 - 3*v**3 - 1 + 8*v**n + v - 2*v**2. Let h(d) = d**2 - 4*d - 4. Let j be h(5). What is y(j)?
5
Let j(z) be the first derivative of -3*z**4/2 + 8*z**3/3 + 2*z**2 - 9*z + 8. Let k(q) = 5*q**3 - 7*q**2 - 4*q + 8. Let h(g) = 4*j(g) + 5*k(g). Give h(4).
4
Let j(b) = b**3 - 3*b**2 - b - 4. Let w(c) = c + 4. Let i(y) = -3*y - 11. Let p(f) = -4*i(f) - 11*w(f). Let x be p(3). Determine j(x).
-7
Let g(r) = -r - 9. Let j(s) = 5*s - 3. Let d be j(-1). Give g(d).
-1
Suppose -l + 54 = 8*l. Let k(u) = u**2 - 7*u - 4. Determine k(l).
-10
Let g be -1 + 2/2*1. Let r(l) be the first derivative of -l**6/360 - l**5/120 - l**4/8 - 8*l**3/3 + 7. Let d(p) be the third derivative of r(p). What is d(g)?
-3
Let m(g) be the second derivative of -g**5/20 - g**4/4 + g**3/3 + g**2 + 102*g. Let r(p) = -p**2 + 1. Let x be r(2). Calculate m(x).
-4
Let t(n) = n**2 - 6*n - 6. Let j be t(7). Let l(v) = -v - 5. Let z(m) = -4*m - 24. Let a(r) = 24*l(r) - 5*z(r). Calculate a(j).
-4
Suppose -31 = -j - 5*i, j = 5*j - 4*i - 4. Let m(p) = p**2 - 2*p - 8. Determine m(j).
16
Let z be (-1 - 0)/(6/(-36)). Suppose 0 = 3*r + 12, 5*r = -3*i - z - 8. Let f(a) = 4*a - 1. Give f(i).
7
Let d(s) = -s**2 + 5*s - 2. Let k = -113 - -117. Determine d(k).
2
Let n(z) = 4*z**2 + 10*z - 5. Let t(i) be the first derivative of -5*i**3/3 - 11*i**2/2 + 6*i - 3. Let k(h) = -6*n(h) - 5*t(h). Calculate k(6).
6
Let z(u) = -12 - u + 2*u + 13. Give z(1).
2
Let k(x) = -x**3 + 7*x**2 + 2*x + 5. Suppose 3*t + 4*r = t + 10, 2*r = 5*t - 37. Determine k(t).
19
Let r be (5/2)/((-4)/(-8)). Suppose -4*z - 5 = -r*z. Let t(y) = y**2 - 5*y + 6. Determine t(z).
6
Let l = -36 + 33. Let p(n) = n**3 + 3*n**2 - 3*n - 2. What is p(l)?
7
Let u be (-33)/(-15) + (4/5 - 1). Let m(l) be the second derivative of -l**5/20 + l**4/6 - l**3/3 + l**2 - l. Give m(u).
-2
Let c(g) = -g**2 + 5*g + 6. Suppose x = -2*x + 3. Suppose 0 = h - 6 + x. Give c(h).
6
Suppose 11*q - 7*q - 16 = 0. Let i(z) = z**3 - q*z**2 + 2 - 2*z + 4*z - 2*z**2 + 3*z**2. What is i(3)?
8
Let d(h) = -h**3 - 7*h**2 - 5*h + 7. Let r(s) = s**2 + 28*s - 35. Let c be r(-29). Give d(c).
1
Let k(q) = 2*q - 11. Suppose 5 = f - 6. Let a = f + -3. Let d be k(a). Let s(r) = -r**2 + 6*r - 1. Give s(d).
4
Let r(b) = -3*b + 2. Let s(o) = o**2 + 3*o - 1. Suppose -4*x + 20 = -4*q, -4*q = -2*x + 13 + 5. Let g be s(q). Give r(g).
-7
Let p(c) = 4*c**2 + 3*c - 5*c**2 + 5*c + 10. Calculate p(9).
1
Let u be 2 - (2 - 1) - 6. Let s(w) = w**2 + 7*w + 7. Determine s(u).
-3
Let s(u) = 6*u - 1. Let l(k) = 3*k**3 - k**2. Suppose -4*h + m = 1 + 7, 0 = 5*h - 5*m + 25. Let o be l(h). Let p = o + 5. Give s(p).
5
Let u(y) = 3 + 9*y**2 - 8*y**2 + 0*y + 5*y. Give u(-3).
-3
Let i(w) = 8*w**3 - 9*w**2. Let c(q) = 4*q**3 - 5*q**2. Let t(n) = 11*c(n) - 6*i(n). Let b be (-1 - -3 - 4)/2. Determine t(b).
3
Suppose -2 - 14 = -4*j. Let n(o) = 5*o**2 + o. Let h(i) = -i**2. Let s(u) = j*h(u) + n(u). What is s(-3)?
6
Let t(i) be the second derivative of -i**5/20 + 5*i**4/12 + 5*i**3/6 - i**2/2 - 6*i. Determine t(6).
-7
Let i(b) = -b**3 - 5*b**2 - 3*b - 3. Let n be i(-4). Let c(y) = -2*y - 5. Give c(n